-4*q = 10*i - k*i - 150. What are the prime factors of i?
67
Suppose -374*w = -367*w. Suppose 0 = 5*f - 5*y - 2583 - 877, w = -5*y - 25. List the prime factors of f.
3, 229
Let y = -32466 + 51076. List the prime factors of y.
2, 5, 1861
Suppose f - 4*r - 8 = -2, -f + r = -3. What are the prime factors of 685/f*((-9)/45 - -1)?
2, 137
Suppose -2*r - 2 = -6. Suppose -2*h = -0*h - r. What are the prime factors of (57 + h)/((-10)/(-15))?
3, 29
Let z(v) be the first derivative of -v**4/4 + 3*v**3 - 4*v**2 + 13*v + 8. Suppose -18 - 30 = -8*j. List the prime factors of z(j).
73
Let a(y) = -5*y**2 + 3 - 2*y + 4*y**2 + 13 - 4. Let n be a(-5). List the prime factors of n/(-9) - (-398)/3.
7, 19
Suppose 2*j = -f + 14283, 2*j - 1423 = -3*f + 12854. List the prime factors of j.
3, 2381
Suppose 2*b = -3*l - 16, -3*b = -15*l + 12*l - 6. List the prime factors of (14/l)/((-1)/66).
3, 7, 11
Suppose -3*b + 3*c = 3, 3*c - 3 = 4*b - 4. Let m(z) = z**2 - 5*z - 6. Let q be m(6). Suppose b*o - 13*o + 450 = q. List the prime factors of o.
2, 5
Let p = -48 - -91. Suppose -2 = -3*g + p. Suppose -q - 2*u + g = -76, -2*u = -4*q + 364. List the prime factors of q.
7, 13
Let o(x) = -268*x - 28. Suppose -5*y = 4*z - 2*z + 2, -5*y + 3*z = 22. List the prime factors of o(y).
2, 127
What are the prime factors of 4 - -2712*(-35)/(-7)?
2, 3391
Suppose 69*s - 11991 = 26994. What are the prime factors of s?
5, 113
Let m = 20 + -24. Let o be (-105)/28*m/3. Suppose 0*g = -2*r - o*g + 49, 0 = -3*g + 15. List the prime factors of r.
2, 3
Suppose 5*f - 3*i = 41 + 4, 4*f + 5*i - 73 = 0. Let a be ((-26)/3)/(8/f). List the prime factors of -8 - a - -3*83.
2, 127
What are the prime factors of (60 + -17014)*4/(-6)*36/16?
3, 7, 173
Suppose 4*u + 97 - 85 = 4*a, -15 = u - 5*a. Let c be 1392*(0 - 2)/(-4). Suppose u*w = 6*w - c. What are the prime factors of w?
2, 29
Suppose -25*l = -27*l + 72. Let k be (240/l)/((-2)/(-6)). List the prime factors of (36/k)/(2/90).
3
Let h be 21/(-28) + 13/(-4). Let l be -3 - (-7 - h/2). Suppose 0 = -3*b + v + 298, -l*b + 7*b + v - 510 = 0. What are the prime factors of b?
101
Let b(f) = 31*f - 89. Let x = -185 - -201. List the prime factors of b(x).
11, 37
Suppose -2*l + 8 = t + 2*t, 4*l = 4. Suppose 3*u - 15 = 0, 4*u = -t*d + 820 + 34. What are the prime factors of d?
3, 139
Let s = -867 - -357. List the prime factors of (s/21)/(-1*(-7)/(-49)).
2, 5, 17
Suppose -85 + 13 = -8*c. Suppose 0 = 6*h - c*h + 1689. List the prime factors of h.
563
Let h = 67 - 64. Suppose 4*b - 508 = -k, k - h*k = -5*b - 1016. Suppose s = 4*s - u - k, -3*s = u - 506. List the prime factors of s.
13
Suppose -5501 + 837 = -2*s. Suppose -404 = -2*n + s. What are the prime factors of n?
2, 3, 19
Suppose -85*y = -82*y + 144. Let u be (-9*2/(-4))/((-36)/y). Suppose 4*z + 120 = 2*d, d - z + u*z = 81. What are the prime factors of d?
2, 3, 11
Let j = 232 + -139. Let g = j - 91. Suppose -g*m = -3*m - 1, -k - m = -68. What are the prime factors of k?
3, 23
Let z = 79 - 84. Let t be z*16/(-20) - -1*3. Suppose 2*x = -b + 273, t*b - 3*b = -2*x + 1092. List the prime factors of b.
3, 7, 13
Suppose 6*l - 59*l = -26*l - 24894. What are the prime factors of l?
2, 461
Let t(w) = 285*w + 4003. List the prime factors of t(0).
4003
Let o(c) = -2*c**2 + 20*c + 3. Let y(h) = h**3 + 23*h**2 + 21*h - 18. Let u be y(-22). Suppose -u*b - 2 = -38. What are the prime factors of o(b)?
3, 7
Let p = -483 - -780. Suppose u - 752 = 4*a, 3*u + 2*a - p = 1973. What are the prime factors of u?
2, 3, 7
Suppose 3*q - 20 = -5*k, 129*q - 124*q - 4 = -k. Suppose -2*u - 4*t + 2748 = q, -2*u - 4*t + 1366 = -u. List the prime factors of u.
2, 691
Let z be (225/375)/((-3409)/1705 - -2). Let i = z + 748. What are the prime factors of i?
7, 11, 23
Suppose -58*w + 64838 = -93966. List the prime factors of w.
2, 37
Suppose 0 = 3*q - 543 + 489. Let o = 503 + q. List the prime factors of o.
521
Let s(r) = -761*r - 6. Let o be s(-4). Suppose -9*q = -o - 3190. What are the prime factors of q?
2, 173
Suppose -4*s = -5*s + 22. Let z(p) = 2*p**2 - 60*p + 72. Let m(w) = -w**2 + 30*w - 36. Let c(n) = -5*m(n) - 3*z(n). List the prime factors of c(s).
2, 5, 7
Let h = 4600 + -2260. What are the prime factors of ((-12)/(-15))/(2/h)?
2, 3, 13
List the prime factors of 80/220 - (3 - 127071/33).
2, 13, 37
Let s = 470 - 248. Suppose t = -5*y + 6*t + 370, 3*y + 4*t = s. List the prime factors of y.
2, 37
Suppose -r + 5*c + 16 = -2*r, 0 = -5*r + 3*c + 32. Let i be r/(-1) + 6 - 23*-1. List the prime factors of 37 + i/5 + -1*2.
2, 5
Suppose 355*o = 375*o - 770120. List the prime factors of o.
2, 13, 1481
Let m(d) = 10*d**3 - 2*d**2 + 33*d. Let g(s) = 21*s**3 - 4*s**2 + 66*s + 1. Let j(i) = -6*g(i) + 13*m(i). What are the prime factors of j(4)?
2, 5, 7
Let h be (-2)/(1 + 0)*(-2178)/132. Let m(y) = 3*y**2 - 97*y + 39. List the prime factors of m(h).
3, 5, 7
Let h be ((-1818)/10)/(7/(-35)). Suppose b - m - h = 0, -2*b + 6*b - m - 3624 = 0. List the prime factors of b.
5, 181
Let o(h) = 4*h**2 + 3*h + 2. Let l be o(-1). Suppose -l*n = -9, -2*t - 3*t + 786 = 2*n. What are the prime factors of t?
2, 3, 13
Let i(c) be the third derivative of c**5/60 - 5*c**4/12 - 11*c**3/2 + 24*c**2 + c. What are the prime factors of i(-9)?
2, 3, 23
Suppose -199*g - 139204 + 5259508 = -3*g. What are the prime factors of g?
2, 3, 7, 311
Suppose -18 = -u - 5*u. Let s(y) = 192*y**3 - y - 61*y**u + 2*y**2 + 0*y. What are the prime factors of s(1)?
2, 3, 11
Suppose -137062 = -4*q - 91706. What are the prime factors of q?
17, 23, 29
Let t be 55/(-33)*(1 - 4). Suppose t*i = q + 2831, 559 = -0*i + i - 2*q. List the prime factors of i.
3, 7
What are the prime factors of (-29 + (43 - 16))/(3060/1531 - 2)?
1531
List the prime factors of (-5)/(17/(230724/(-65))).
2, 3, 29
Suppose -p = -4*n - 5526, 2*n = 2*p - 1518 - 9540. What are the prime factors of p?
2, 5, 7, 79
Let p be (88/(-24) - -3)/((-4)/18). List the prime factors of (-9 + p)*-168 - -1.
1009
Let x(v) = 231*v - 191. Let r(h) = 78*h - 63. Let a(t) = 8*r(t) - 3*x(t). What are the prime factors of a(-13)?
2, 3, 7, 23
Suppose -4*u - 11*o + 37528 = u, -5*u = 2*o - 37546. List the prime factors of u.
2, 5, 751
Suppose -2*w - 12 + 58 = 0. Let u = w - 25. List the prime factors of 1 - (u + (-156)/(-4))*-3.
2, 7
Suppose -81*k + 90*k - 87696 = 0. Suppose 3829 - k = -7*j. What are the prime factors of j?
5, 13
Let q = 12060 + 13526. List the prime factors of q.
2, 11, 1163
Let s be (1244/168 + 8/84)*66. List the prime factors of ((-288)/s - (-6)/33)*-2820.
2, 3, 47
Suppose t - 8*m - 82 = -4*m, 3*t = -4*m + 310. Let s = -12 + t. What are the prime factors of s?
2, 43
Suppose -n = -143 - 14. Suppose 0 = -3*x - 2*x + 4*u + n, 2*x + 5*u = 76. What are the prime factors of x?
3, 11
Let x(v) = -56*v**3 - 28*v**2 - 110*v - 8. What are the prime factors of x(-5)?
2, 11, 311
Let m(b) = 9*b**2 + 9*b - 41. What are the prime factors of m(-12)?
31, 37
What are the prime factors of -23 - 11/((-154)/810936)?
57901
Let c = 9 - 4. Suppose -c = -3*y + 1. Let q(a) = 10*a**2 - a - 3. What are the prime factors of q(y)?
5, 7
Let y = 34258 + -12494. What are the prime factors of y?
2, 5441
List the prime factors of (0 - (-3)/1) + (-17298)/(-3).
3, 641
Let l be 117/6*(-660)/(-6). Suppose -3*b = -l + 381. List the prime factors of b.
2, 3, 7
Suppose 4*g = 5*m - 39, 5*g + 5*m + 16 = 1. Let r be (9/g)/(3/6024). What are the prime factors of (-2)/(-9)*1 - r/54?
2, 7
Suppose -4*x + 23 = -5. Suppose x*b + 6*b = 9789. What are the prime factors of b?
3, 251
Suppose 4*x = 3*j - j - 942, 1413 = 3*j - 4*x. Let q = j + 498. Suppose -q = -6*o - 33. List the prime factors of o.
2, 3, 13
Let d be (-5 - -3*4)/((-2)/(-74)). Let a = d - 176. Let o = a + -40. What are the prime factors of o?
43
Suppose 0 = -2*i + 4*c + 12, 5*c = -9*i + 13*i - 24. Suppose 0 = 5*w - 5*q - 95, -11*q + 25 = -i*q. What are the prime factors of w?
2, 3
Let o(a) = a**2 - 12*a - 129. Let p be o(-7). List the prime factors of p/6*(-46 + 1549).
2, 3, 167
Suppose 2*a + w - 5*w = -100, -226 = 4*a + 5*w. Let k = -50 - a. Suppose -2*t + 542 = k*b, 121 = b - t - 16. What are the prime factors of b?
2, 17
Suppose -3*t - 2*l - 9 = 0, -19 = 4*t - 3*l + 10. Let h(f) = 35*f + 4. Let j be h(t). Let o = -98 - j. List